f 262?
False
Is 731364649 a multiple of 1357?
True
Does 3185 divide 749959210?
True
Is 47 a factor of 15113602?
True
Is 209 a factor of 114658236?
True
Is 641 a factor of 462555856?
True
Does 346 divide 17102088?
True
Does 25 divide 36613400?
True
Does 63 divide 912331224?
True
Is 1992929181 a multiple of 103?
True
Is 102514237 a multiple of 104?
False
Is 4348 a factor of 56793576?
True
Does 36 divide 574929324?
True
Does 279 divide 44819676?
True
Is 907 a factor of 284922259?
True
Does 3318 divide 1449133182?
True
Is 787849338 a multiple of 818?
True
Does 609 divide 701260357?
False
Is 2278 a factor of 1718550364?
False
Is 13 a factor of 1264195556?
True
Is 51 a factor of 5582711?
False
Is 34838462 a multiple of 911?
True
Is 1314 a factor of 336020022?
True
Is 1461894588 a multiple of 308?
True
Does 90 divide 73968930?
True
Is 4756704278 a multiple of 1279?
False
Does 2 divide 21180140?
True
Is 741139328 a multiple of 64?
True
Is 178134854 a multiple of 4628?
False
Does 6 divide 140176221?
False
Does 727 divide 1683569738?
False
Is 303 a factor of 27372428?
False
Is 97097616 a multiple of 1112?
True
Is 5 a factor of 27023954?
False
Is 1069 a factor of 35753447?
False
Is 4844400 a multiple of 253?
False
Does 150 divide 6969270?
False
Is 653 a factor of 149558117?
False
Is 38 a factor of 27200259?
False
Is 71356881 a multiple of 38?
False
Is 4937 a factor of 74996423?
False
Is 4072380 a multiple of 1135?
True
Is 7230443 a multiple of 3?
False
Is 679024010 a multiple of 29?
False
Is 2114999 a multiple of 631?
False
Does 460 divide 1185472900?
True
Is 42 a factor of 21190008?
True
Does 3236 divide 900290796?
True
Is 4143293235 a multiple of 2592?
False
Does 150 divide 4913046150?
True
Is 420467700 a multiple of 150?
True
Is 826 a factor of 744061626?
True
Is 116 a factor of 237035444?
True
Does 4 divide 8606371?
False
Does 76 divide 34225384?
True
Is 284519106 a multiple of 846?
True
Does 16 divide 344744144?
True
Does 822 divide 34281510?
True
Is 11 a factor of 565204607?
True
Is 11146311 a multiple of 14?
False
Is 365 a factor of 37375210?
False
Is 1619538695 a multiple of 659?
False
Is 505798085 a multiple of 62?
False
Is 81489128 a multiple of 1204?
True
Does 265 divide 1535521830?
True
Does 726 divide 56698695?
False
Is 269 a factor of 73995175?
True
Is 15069139 a multiple of 368?
False
Does 24 divide 198492990?
False
Is 71 a factor of 31171565?
False
Does 3582 divide 114660055?
False
Is 890 a factor of 3393489?
False
Is 397 a factor of 206847719?
True
Does 12 divide 109116720?
True
Does 1273 divide 82708083?
True
Is 3173321 a multiple of 252?
False
Does 643 divide 2483887138?
True
Is 607750264 a multiple of 1343?
False
Is 1676321608 a multiple of 219?
False
Does 20 divide 160307393?
False
Is 1877034453 a multiple of 267?
False
Is 896227541 a multiple of 9?
False
Does 30 divide 127095150?
True
Is 27 a factor of 161159949?
True
Is 56350286 a multiple of 71?
True
Is 74 a factor of 609394489?
False
Is 439 a factor of 337169999?
True
Is 293511120 a multiple of 680?
True
Is 327403800 a multiple of 36?
True
Does 5 divide 1682776?
False
Is 865576400 a multiple of 50?
True
Does 10 divide 26042390?
True
Is 39792722 a multiple of 14?
False
Is 2122730 a multiple of 13?
False
Is 753 a factor of 680041830?
True
Is 414710475 a multiple of 596?
False
Does 92 divide 74964360?
True
Does 17 divide 7094763?
True
Is 22 a factor of 23941808?
True
Does 1922 divide 522034420?
True
Does 677 divide 173412196?
True
Is 471152214 a multiple of 39?
True
Is 3138339 a multiple of 4?
False
Does 14 divide 60645490?
False
Is 1467 a factor of 74282636?
False
Is 102 a factor of 17195874?
True
Is 757 a factor of 435408042?
False
Does 47 divide 54667674?
True
Is 11 a factor of 43569121?
False
Is 2203581438 a multiple of 1818?
True
Is 517 a factor of 19883010?
False
Is 92 a factor of 4646000?
True
Is 640 a factor of 45573121?
False
Is 291967975 a multiple of 325?
True
Does 316 divide 66203580?
True
Does 2225 divide 828476525?
True
Is 1379 a factor of 77627196?
False
Is 3741 a factor of 10664644?
False
Is 11640100 a multiple of 86?
True
Is 224099858 a multiple of 4489?
True
Does 403 divide 14588600?
True
Is 26133697 a multiple of 4689?
False
Is 38 a factor of 220397948?
True
Is 41 a factor of 83144351?
True
Does 1949 divide 418852892?
False
Does 63 divide 514451070?
True
Is 66 a factor of 1923181352?
False
Is 1034 a factor of 1191020170?
False
Does 53 divide 6200926103?
False
Is 37 a factor of 8238679?
True
Is 185121619 a multiple of 17?
True
Is 2396 a factor of 710627244?
True
Does 86 divide 722544830?
False
Is 12 a factor of 15814324?
False
Does 31 divide 425930719?
False
Is 1362399864 a multiple of 152?
True
Is 98 a factor of 32877334?
True
Is 1248 a factor of 25002841?
False
Does 4 divide 322694687?
False
Is 15760 a multiple of 75?
False
Is 154 a factor of 20177234?
True
Does 49 divide 6596674?
True
Does 636 divide 42145508?
False
Does 63 divide 60508413?
True
Is 232 a factor of 8507904?
True
Is 243523024 a multiple of 134?
True
Is 3063315300 a multiple of 20?
True
Does 61 divide 2083927445?
True
Is 2282477379 a multiple of 3796?
False
Is 5 a factor of 90339605?
True
Is 23 a factor of 921704851?
False
Is 42 a factor of 11808607?
False
Does 50 divide 4189590?
False
Is 3859501647 a multiple of 396?
False
Does 177 divide 445623163?
False
Does 276 divide 181773068?
False
Does 5144 divide 532604616?
True
Is 1343836560 a multiple of 528?
True
Is 432 a factor of 1297856614?
False
Is 1905282384 a multiple of 48?
True
Is 8559273 a multiple of 3?
True
Does 85 divide 3426305661?
False
Does 36 divide 2200466515?
False
Does 52 divide 834944562?
False
Is 356 a factor of 18942023?
False
Is 25 a factor of 46975305?
False
Is 62350148 a multiple of 14?
True
Does 145 divide 1052208015?
True
Is 99 a factor of 2291756049?
True
Is 39 a factor of 172677147?
False
Is 276809272 a multiple of 8?
True
Is 78 a factor of 31163498?
False
Is 127617840 a multiple of 7?
True
Does 137 divide 137436859?
False
Is 422 a factor of 1623800718?
True
Is 1282001 a multiple of 3?
False
Does 16 divide 2556701?
False
Is 103 a factor of 65478704?
False
Is 71817817 a multiple of 91?
False
Is 32608643 even?
False
Does 10 divide 997370609?
False
Is 87890907 a multiple of 9?
False
Is 819813499 a multiple of 66?
False
Does 102 divide 924035?
False
Does 42 divide 313820255?
False
Is 5819 a factor of 260190766?
True
Does 26 divide 151383700?
True
Does 183 divide 211103443?
False
Does 69 divide 864015097?
False
Does 1952 divide 131266144?
True
Is 520 a factor of 16264211?
False
Is 381 a factor of 304952781?
True
Is 11 a factor of 102792096?
True
Is 30852630 a multiple of 1317?
False
Is 95 a factor of 157125535?
True
Is 426983252 a multiple of 4411?
False
Does 10 divide 23702710?
True
Is 93 a factor of 54341373?
False
Is 44 a factor of 399003166?
False
Does 2580 divide 1085508483?
False
Is 51224190 a multiple of 11?
False
Is 25 a factor of 337366211?
False
Is 10 a factor of 21588790?
True
Is 690 a factor of 221320950?
True
Is 4 a factor of 7200892?
True
Is 982200001 a multiple of 187?
False
Is 1888 a factor of 707301440?
True
Is 16029119 a multiple of 6?
False
Is 1421714400 a multiple of 15?
True
Is 73930410 a multiple of 16?
False
Is 68296296 a multiple of 59?
False
Is 33 a factor of 104193681?
False
Is 2408970 a multiple of 462?
False
Is 71 a factor of 979036068?
False
Is 592 a factor of 962187842?
False
Is 25022434 a multiple of 886?
False
Is 435149064 a multiple of 10?
False
Does 173 divide 12800089?
False
Is 81998266 a multiple of 49?
True
Does 12 divide 21433356?
True
Is 771584677 a multiple of 130?
False
Does 721 divide 12111358?
True
Does 22 divide 1157441255?
False
Does 16 divide 388773118?
False
Is 481328874 a multiple of 8444?
False
Is 26 a factor of 297196683?
False
Is 7 a factor of 1608820?
False
Is 669166620 a multiple of 2320?
False
Is 198388457 a multiple of 46?
False
Does 8728 divide 744824899?
False
Is 107 a factor of 1258890524?
True
Is 2497515589 a multiple of 161?
False
Does 16 divide 208773424?
True
Is 25 a factor of 4777855?
False
Is 495 a factor of 45395460?
True
Is 239 a factor of 51232279?
True
Does 360 divide 422131320?
True
Does 9 divide 37420722?
True
Does 305 divide 111733622?
False
Is 27 a facto